-15) - (-25)/15. Let p = v + 4406. Is p composite?
False
Suppose -6*f - 1312013 = -37*f. Is f a prime number?
True
Is -1*(6 + 1687)*-1 a composite number?
False
Let q = 14 - 21. Let w(a) = 2*a - 22*a + 8 - 9*a. Is w(q) prime?
True
Let w = 1039 - -8313. Suppose 4*v - 12*v = -w. Is v composite?
True
Suppose 3*p = 1052 + 8329. Is p a prime number?
False
Suppose 0*z - 2*z = 42. Is (-5514)/z + (-3)/(-7) a prime number?
True
Let o(y) be the second derivative of -y**3 - 4*y**2 + 5*y. Let z be o(-7). Suppose z = -b + 2*b. Is b composite?
True
Suppose 0 = 512*m - 497*m - 1057215. Is m composite?
False
Let i = -132 - -192. Let n = 359 - i. Is n a prime number?
False
Suppose -2*r + 665 - 116 = g, 3*g = -5*r + 1643. Is g prime?
True
Suppose 0 = 5*i - 103 + 28. Suppose -19*l + 1708 = -i*l. Is l a prime number?
False
Suppose -81 + 6 = -h. Suppose 2*t = 4*j, -33*j + 32*j + 4 = -t. Let g = h - t. Is g composite?
False
Let i = -1924 + 982. Is -4*(-3 + (-60)/(-16)) - i a prime number?
False
Let f = -16 + 456. Suppose 354 = 2*d - f. Is d a prime number?
True
Let b = -5 - -8. Let d be 1/(3/8)*15/2. Suppose 6*h = h - d, b*a - 2*h = 761. Is a composite?
False
Is 12386 - (3 + 5) - 5 composite?
False
Let j(f) = -4 - 240*f + 682*f - 17. Is j(6) a prime number?
False
Let p be 4/10 - 45612/(-70). Suppose 4*z - 5*m = 1046 + p, 2118 = 5*z - 4*m. Is z prime?
False
Let c(t) = -97*t**2 - t + 9. Let i(g) = -98*g**2 - g + 9. Let p(m) = 3*c(m) - 4*i(m). Is p(-4) prime?
False
Suppose -3*s = -5*a + s - 24465, -24465 = 5*a + 4*s. Let i(m) = -m**3 - 11*m**2 - 10*m + 2. Let l be i(-10). Is a/l*6/(-9) a prime number?
False
Let k(d) = 123*d**3 - 2*d**2. Is k(1) a composite number?
True
Let u = -31984 + 58383. Is u prime?
True
Suppose 3*v + v = -t + 21, 3*t + 15 = v. Let y be (v - 3)/6*-14. Is (-5319)/(-21) + 2/y a prime number?
False
Let d(m) = 95*m**2 + 4*m + 2. Is d(3) composite?
True
Suppose 0 = d - 0*d - 3. Suppose -8*k + d*k - 3*b = -7, 4*b = 4*k - 12. Suppose 203 = -t + k*t - 2*v, 3*t = -4*v + 649. Is t composite?
False
Let k = 5388 - 309. Is k composite?
True
Suppose 14769 + 71686 = 5*m. Is m a prime number?
True
Let h(n) = 2*n**3 - 9*n**2 - 55*n - 5 + 30*n - n**3. Is h(22) a composite number?
False
Let a be 248/56 + (-3)/7. Suppose -1671 = -a*p - 5*t, p = -2*t + 124 + 293. Is p a prime number?
True
Suppose -79 = -2*u - 3*u - 3*v, 91 = 5*u - 3*v. Suppose -5*d + 13 + u = 0. Is -6*(-2)/d + 512 prime?
False
Let r = 20935 - -11418. Is r a composite number?
False
Let b(j) = -j**2 + 11*j - 2*j**2 + j**2 + 4*j**2. Let d be b(-15). Suppose -5*r + 8*r - d = 0. Is r a composite number?
True
Let z = 50 + -18. Let a = z - -87. Suppose -207 = -k + m, 5*k + a - 1178 = -m. Is k composite?
False
Let l(p) = -p**2 - 12*p - 25. Let t be l(-5). Let u(d) = 7*d**2 - 15*d + 7. Is u(t) prime?
True
Let x = -24 + 24. Let l(a) = -a + 2. Let f be l(2). Suppose x*h + h - 37 = f. Is h a prime number?
True
Suppose -2*u - u + 12 = 0. Suppose -u*v + 7 = -a, 0 = -v - 3*v - 4*a + 32. Suppose -9 - v = -2*s. Is s prime?
False
Suppose 3*i + 942 = 2*k + 2423, 4*k = -5*i + 2439. Is i a composite number?
False
Suppose 3*d + 22 - 1 = 5*q, -3*q + 11 = -d. Let f be 0/q - 6*14. Let g = 181 + f. Is g prime?
True
Suppose -32*g + 101903 + 52881 = 0. Is g prime?
False
Suppose 0 = 5*q - 0 - 10. Let u be (61/q)/(1/16). Let o = 1117 - u. Is o composite?
True
Suppose -g + 228923 = 5*q - 0*q, 2*q = -4*g + 91562. Is q composite?
True
Let t(f) = -4*f**2 - 9 - 10*f - f**2 + 4*f**2. Let i be t(-9). Suppose i = 2*q + q - 705. Is q prime?
False
Suppose -2*p + 6 = 16. Is ((p + 11)/(-2))/(6/(-1774)) prime?
True
Suppose -4 = -2*u, 2*d - 8 = 2*u + 10. Suppose -m + 4*w = -174, -3*w = -4 - d. Is m a prime number?
False
Let j = 19188 - 9883. Is j a composite number?
True
Let z = 10 - 12. Let u = -6 + z. Is u/12 + (-1887)/(-9) a prime number?
False
Let s be (-109630)/25 - (-8)/(-10). Let n = s + 9940. Is 30/105 - n/(-14) a prime number?
True
Suppose 0 = 2*p - 3696 - 242. Is p prime?
False
Suppose 0 = -3*r - 42 + 174. Let f = r - 30. Is f prime?
False
Let i = 9403 + -6632. Is i a composite number?
True
Let v(t) = -1110*t + 89. Is v(-4) a composite number?
True
Suppose -120*m + 41*m + 170719 = 0. Is m prime?
True
Is 3753 - 9 - 1 - -6 composite?
True
Let n = -1 + -3. Is 2/n*-2 + 370 a composite number?
True
Let b(z) = z**3 + z**2 + 4*z**2 + 0*z**2 - 9 - 4*z. Let w be (200/(-15))/8*-3. Is b(w) composite?
True
Suppose -a - 4*y = -3765, 0 = 5*a - 3*a - y - 7494. Is a prime?
False
Let u(v) = v**3 + 18*v**2 - 17*v + 26. Let g be u(-19). Is 135 - (4 + g)/(-2) prime?
True
Let b be (-301)/(-21) + (-1)/3. Let t be (-38)/(-4) - 7/b. Suppose 3*c + 3*z + t = 39, 2*c + z = 24. Is c a prime number?
False
Let v be (-27086)/22 + 14/77. Let w = v - -5040. Is w a prime number?
False
Let n = 9973 - -14608. Is n a composite number?
True
Is (6083/28*2)/((-2)/(-4)) prime?
False
Suppose -q + 0*f + 4*f = -12, 3*q = -4*f - 12. Suppose 6*p - 2*p - 12 = q. Suppose -391 = -0*b - p*b + 2*r, -b + 122 = r. Is b a prime number?
True
Suppose c - 3*u = -c - 11, 5*c - 4*u + 38 = 0. Let g(r) = 26*r**2 + 10*r + 21. Is g(c) prime?
True
Suppose 986 = 3*i - i. Let q = 630 + i. Is q composite?
False
Let o(a) = 1833*a + 272. Is o(15) a composite number?
False
Suppose -k = -z - 5*k + 12019, 3*z - k = 36018. Is z prime?
True
Let r(c) = c**2 + 5*c + 1. Let n be r(-4). Let b be 1/(-1) + 4 - n. Let u(d) = 8*d + 5. Is u(b) prime?
True
Let z = 9 + -8. Let d be (28/(-42))/(z/21). Let g(i) = i**2 - 2*i - 13. Is g(d) a prime number?
True
Let y = -10164 + 24001. Is y prime?
False
Suppose -s + 3*i + 412 = 0, 0 = -3*s - 2*i + 3*i + 1252. Suppose q - s = -163. Suppose 0 = 4*l - 3*t - 197, 5*l = t + t + q. Is l composite?
False
Let w = 38187 - 22568. Is w a composite number?
False
Suppose -5*f + 4*t + 14 = 0, -3*f - 3*t + 22 = -2*t. Suppose -3*v = -5*y + 416, v = f*y - y - 412. Let u = y + -45. Is u prime?
True
Suppose 163646 = 21*d - 166621. Is d composite?
False
Suppose 15*p = 8*p + 14. Suppose p*d - 851 = 1231. Is d composite?
True
Let v be 1 + -1 + (0 - -1). Suppose 2*m + v = -t, 4*t - 5*m = 58 - 23. Suppose 413 = 5*u + 3*a, -t*u = -u + 5*a - 320. Is u prime?
False
Let t(h) = -h**2 + 18. Let y(q) = -9. Let z(f) = -2*t(f) - 5*y(f). Suppose -13 = g + 4*c + 2, -3*g + 35 = -4*c. Is z(g) a composite number?
False
Let n be (1/(-2) + -1)/(24/(-416)). Is 2 + (-1244)/(-8)*n composite?
True
Let f = -23095 + 39314. Suppose 4*u = 11*u - f. Is u a composite number?
True
Let y = 7119 - 4726. Is y prime?
True
Let g be ((-16)/24)/2 - (-2)/6. Suppose 0 = -5*d + z - 0*z + 13130, d - 4*z - 2607 = g. Is d a composite number?
True
Let k = 12 + -5. Suppose -2*t + 23 = v - k*t, -5*v - 4*t = -173. Is v prime?
False
Let l(b) = -b**2. Let s(y) = -166*y**2 + 3*y - 3. Let p(m) = -6*l(m) - s(m). Suppose 15*u - 6*u = 18. Is p(u) a composite number?
True
Let f(h) = 5592*h**2 - 142*h - 285. Is f(-2) a prime number?
True
Suppose 93*u - 2501894 = 5343121. Is u prime?
False
Let x(v) = 5*v**2 - 9*v + 5. Let g(i) = 4*i**2 - 8*i + 5. Let s(f) = 4*g(f) - 3*x(f). Let y be s(4). Is (-1910)/(-15) - y/3 a composite number?
False
Suppose 0 = -6*z + 1237 + 1049. Is z a prime number?
False
Let x(n) = -n + 1. Let z be x(1). Let o be 1 - 1 - (-5 - z). Suppose 2*v + 16 - 169 = -o*y, -y = 5*v - 394. Is v composite?
False
Suppose b = 6*b - 160. Let f = b - -9. Suppose -3*s + f = -322. Is s composite?
True
Suppose -5*y - y + 35634 = 0. Is y composite?
False
Is (-182 - 144669)*(2/1)/(-2) composite?
True
Suppose 13*f = 21*f - 39912. Is f prime?
False
Suppose -3*t + 11051 = -3*g - 3556, 3*t - 2*g - 14609 = 0. Is t a prime number?
True
Let w(g) = 6*g**2 - g - 317. Suppose -4*m - 4*j + 24 = -0, 0 = -5*j. Let a(y) = -5*y**2 + y + 317. Let c(b) = m*w(b) + 7*a(b). Is c(0) prime?
True
Let o(q) = -184*q**3 + 2*q**2 + 5*q + 16. Is o(-3) a composite number?
False
Suppose 5*t = -2*c - 15, 3 = -c - 4*t + 3*t. Suppose 5*s - 7195 = -c*s. Is s a prime number?
True
Let v be (-341)/(-3 - (-2 - 0)). Let c = 526 - v. Is c composite?
True
Is (-36 - -33)*9489/(-9) composite?
False
Suppose -9*z = -7*z - 4. Suppose -4*a = z*l - 1014, -2*l = -3*l + 2*a + 491. Is l a composite number?
False
Let q be 923 - -1*(2 + -1). Let m = q - 265. Is m composite?
False
Suppose 30426 =